divided by 973?
372
Calculate the remainder when 3060 is divided by 19.
1
What is the remainder when 119104 is divided by 22?
18
Calculate the remainder when 36685 is divided by 294.
229
Calculate the remainder when 1219403 is divided by 306.
299
Calculate the remainder when 4867 is divided by 392.
163
Calculate the remainder when 5958 is divided by 17.
8
What is the remainder when 16243 is divided by 57?
55
Calculate the remainder when 11404 is divided by 11392.
12
What is the remainder when 4974 is divided by 332?
326
What is the remainder when 60918 is divided by 12178?
28
Calculate the remainder when 2659 is divided by 211.
127
What is the remainder when 8820 is divided by 1101?
12
What is the remainder when 651 is divided by 529?
122
What is the remainder when 2135 is divided by 314?
251
Calculate the remainder when 1064712 is divided by 103.
1
What is the remainder when 2567548 is divided by 859?
856
What is the remainder when 4932 is divided by 303?
84
Calculate the remainder when 22434 is divided by 694.
226
Calculate the remainder when 25497 is divided by 1823.
1798
What is the remainder when 1154 is divided by 55?
54
Calculate the remainder when 1172 is divided by 131.
124
Calculate the remainder when 2316 is divided by 23.
16
Calculate the remainder when 532767 is divided by 42.
39
What is the remainder when 3342 is divided by 333?
12
What is the remainder when 206714 is divided by 253?
13
What is the remainder when 22938 is divided by 51?
39
What is the remainder when 3628005 is divided by 12?
9
What is the remainder when 3459 is divided by 728?
547
What is the remainder when 12495 is divided by 2227?
1360
What is the remainder when 2292 is divided by 78?
30
Calculate the remainder when 23662 is divided by 100.
62
What is the remainder when 28619 is divided by 35?
24
Calculate the remainder when 21225 is divided by 90.
75
What is the remainder when 7000 is divided by 2141?
577
Calculate the remainder when 1293162 is divided by 155.
152
Calculate the remainder when 2761 is divided by 17.
7
Calculate the remainder when 191481 is divided by 1934.
15
Calculate the remainder when 5253 is divided by 5189.
64
Calculate the remainder when 288050 is divided by 5143.
42
What is the remainder when 457 is divided by 46?
43
What is the remainder when 37612 is divided by 2893?
3
What is the remainder when 139381 is divided by 968?
957
Calculate the remainder when 168925 is divided by 27.
13
Calculate the remainder when 841293 is divided by 559.
557
What is the remainder when 93868 is divided by 70?
68
What is the remainder when 1784 is divided by 129?
107
What is the remainder when 178014 is divided by 92?
86
Calculate the remainder when 84028 is divided by 17.
14
What is the remainder when 7708 is divided by 89?
54
What is the remainder when 4034265 is divided by 1606?
1599
What is the remainder when 372377 is divided by 43?
40
Calculate the remainder when 8342 is divided by 294.
110
Calculate the remainder when 14444 is divided by 683.
101
What is the remainder when 237320 is divided by 13184?
8
Calculate the remainder when 47382 is divided by 72.
6
What is the remainder when 2523 is divided by 820?
63
Calculate the remainder when 3526 is divided by 567.
124
What is the remainder when 10236 is divided by 49?
44
Calculate the remainder when 442395 is divided by 80.
75
Calculate the remainder when 7388 is divided by 87.
80
What is the remainder when 17725 is divided by 364?
253
Calculate the remainder when 3199 is divided by 937.
388
Calculate the remainder when 2619 is divided by 432.
27
What is the remainder when 6362 is divided by 2082?
116
Calculate the remainder when 760 is divided by 695.
65
What is the remainder when 14823 is divided by 91?
81
Calculate the remainder when 6021 is divided by 168.
141
Calculate the remainder when 7304 is divided by 5818.
1486
What is the remainder when 7650 is divided by 3576?
498
What is the remainder when 90893 is divided by 343?
341
Calculate the remainder when 413213 is divided by 74.
71
Calculate the remainder when 9364 is divided by 2336.
20
Calculate the remainder when 4822 is divided by 70.
62
What is the remainder when 15471 is divided by 120?
111
What is the remainder when 253 is divided by 11?
0
Calculate the remainder when 120997 is divided by 25.
22
What is the remainder when 1260044 is divided by 1719?
17
What is the remainder when 850173 is divided by 324?
321
What is the remainder when 1100 is divided by 955?
145
What is the remainder when 56547 is divided by 65?
62
What is the remainder when 51387 is divided by 176?
171
Calculate the remainder when 7111 is divided by 2355.
46
What is the remainder when 245333 is divided by 26?
23
What is the remainder when 339023 is divided by 113000?
23
Calculate the remainder when 12990 is divided by 64.
62
Calculate the remainder when 182023 is divided by 129.
4
Calculate the remainder when 66 is divided by 7.
3
What is the remainder when 3841 is divided by 131?
42
Calculate the remainder when 103512 is divided by 21.
3
Calculate the remainder when 475047 is divided by 15.
12
What is the remainder when 214 is divided by 125?
89
Calculate the remainder when 521 is divided by 102.
11
What is the remainder when 3801 is divided by 758?
11
What is the remainder when 5671 is divided by 1875?
46
Calculate the remainder when 14832 is divided by 73.
13
Calculate the remainder when 10946 is divided by 243.
11
Calculate the remainder when 5199 is divided by 79.
64
Calculate the remainder when 481814 is divided by 229.
227
Calculate the remainder when 112583 is divided by 335.
23
What is the remainder when 3537 is divided by 1163?
48
Calculate the remainder when 100859 is divided by 117.
5
What is the remainder when 2266 is divided by 2065?
201
What is the remainder when 16561 is divided by 22?
17
What is the remainder when 5717 is divided by 286?
283
Calculate the remainder when 8146 is divided by 8.
2
What is the remainder when 6838 is divided by 16?
6
What is the remainder when 95648 is divided by 3298?
6
What is the remainder when 145644 is divided by 145625?
19
What is the remainder when 1176999 is divided by 440?
439
Calculate the remainder when 75023 is divided by 41.
34
What is the remainder when 22602 is divided by 1498?
132
What is the remainder when 12094 is divided by 46?
42
What is the remainder when 13494 is divided by 21?
12
What is the remainder when 146649 is divided by 83?
71
Calculate the remainder when 7853 is divided by 1074.
335
Calculate the remainder when 1179 is divided by 19.
1
What is the remainder when 58063 is divided by 9676?
7
What is the remainder when 6416 is divided by 67?
51
What is the remainder when 8372 is divided by 67?
64
Calculate the remainder when 11113 is divided by 105.
88
Calculate the remainder when 20694 is divided by 109.
93
What is the remainder when 42276 is divided by 202?
58
What is the remainder when 20567 is divided by 300?
167
Calculate the remainder when 1783 is divided by 35.
33
What is the remainder when 3515 is divided by 146?
11
What is the remainder when 1006 is divided by 10?
6
What is the remainder when 79896 is divided by 297?
3
What is the remainder when 342109 is divided by 74?
7
Calculate the remainder when 9414 is divided by 147.
6
Calculate the remainder when 99972 is divided by 386.
384
Calculate the remainder when 492 is divided by 206.
80
What is the remainder when 2727451 is divided by 139?
132
Calculate the remainder when 34111 is divided by 81.
10
What is the remainder when 212767 is divided by 212752?
15
Calculate the remainder when 2912326 is divided by 18.
16
What is the remainder when 4142 is divided by 2067?
8
What is the remainder when 255 is divided by 37?
33
Calculate the remainder when 51217 is divided by 4.
1
Calculate the remainder when 29984 is divided by 319.
317
Calculate the remainder when 11041 is divided by 643.
110
Calculate the remainder when 88227 is divided by 137.
136
Calculate the remainder when 925091 is divided by 20.
11
What is the remainder when 191824 is divided by 631?
0
Calculate the remainder when 2929 is divided by 102.
73
Calculate the remainder when 31726 is divided by 211.
76
Calculate the remainder when 73517 is divided by 3063.
5
Calculate the remain